 30 = 5*b + p*g. Let y(l) = -2*l - 1. What are the prime factors of y(b)?
3
Let g(d) = 43*d**2 + 10*d - 35. List the prime factors of g(3).
2, 191
Let j be 12/(-15)*(-475)/10. Let u = -17 + j. List the prime factors of u.
3, 7
Suppose -5*f = 3*u - 265, 106 = 2*f - 0*u - 2*u. List the prime factors of f.
53
Let g be (17 - 2) + 3 + 1. Let t be 12/(-9)*6/(-4). Suppose -2*k + 10 = -0*k + t*r, -g = -3*k + r. What are the prime factors of k?
2, 3
Let g be 2 + (0 - 0) + 0. Let w be (g - 1) + (14 - 1). List the prime factors of 4/w + (-220)/(-14).
2
List the prime factors of 744/28 + 9/21.
3
Let l(f) be the first derivative of -4*f + 2/3*f**3 - 5/2*f**2 - 1. List the prime factors of l(4).
2
Let p(h) = h**3 + 8*h**2 - 11*h + 4. List the prime factors of p(-9).
2, 11
Let t(d) = d**2 - d. Let r(f) = -2*f**2 - 7*f + 6. Let w(m) = -r(m) - 3*t(m). Let k be w(7). Let s = k + -5. What are the prime factors of s?
2, 5
Let a(f) = 2*f**3 + 38*f**2 - 8*f + 24. List the prime factors of a(-19).
2, 11
Suppose -4*g + 7*g = 177. What are the prime factors of g?
59
Suppose -5*z + 2*i = -36, -2*z = -3*z + 3*i + 15. What are the prime factors of z?
2, 3
Suppose 4*l - l + 3*c + 42 = 0, 2*l - 4*c = -58. Let n = l - -31. Suppose h = 2*g - n, 3*g = 2*g + 4*h - 8. List the prime factors of g.
2
Suppose 134 = 2*j - 0*o + 2*o, -3*j - 4*o + 200 = 0. What are the prime factors of j?
2, 17
Let a(v) = -7*v - 1. Let d be a(-6). Suppose d = 3*b + 4*n - 2*n, -3*b = -3*n - 36. List the prime factors of b.
13
Suppose -3*x + 50 = -2*f + 10, 2*x - f = 25. Suppose -q - x = -2*q. List the prime factors of q.
2, 5
Let d be (7 - 7)*(0 - -1). Suppose d*s - 132 = -4*s. List the prime factors of s.
3, 11
Let g(w) = w + 1 - 1 - 3*w + 5. List the prime factors of g(-4).
13
Let c be (-2 + 0)*(-5)/2. Suppose -32 = m - c*m. What are the prime factors of m?
2
Suppose 5*o + 4*p = 7, 4*o + 0*p - 8 = -2*p. Suppose o = r - 5. List the prime factors of r.
2
Let p be 4*(0 - (-15)/(-6)). Let c = p - -23. What are the prime factors of c?
13
Let w be (-7)/(-3) + 2/3. Let v be 1*-2*(-145)/58. Let x = v - w. List the prime factors of x.
2
Let y = 132 - 81. Suppose -r + 0*r + 3 = o, -4*r - y = -5*o. List the prime factors of o.
7
Let k(l) = -52*l + 1. Let p be k(-1). Let b = p + -37. What are the prime factors of b?
2
Let t be 4/8 - (-5)/2. Suppose t = 4*k - 3*k. List the prime factors of k.
3
Suppose -3*c + 2*c + 2 = 0. What are the prime factors of c/4*82 - 2?
3, 13
Suppose 0 = -4*i + i + 141. What are the prime factors of i?
47
List the prime factors of 3 + (1 - 5) - 1*-71.
2, 5, 7
Let r be (-20)/(-8)*1*2. Let d = r - 0. Suppose 0 = d*b - 2*b + w - 19, -7 = -4*b - 5*w. List the prime factors of b.
2
Let y be 1 - 1*(2 - 3). Suppose -1 = -y*b + 15. What are the prime factors of b?
2
Let z(s) = s**2 - 2*s - 4. Let j be z(-5). Suppose -n + j = -0*n. What are the prime factors of n?
31
Let l be (-3 + 0)/(3/(-5)). List the prime factors of 16/1*l/10.
2
Let c = 2 - -2. Suppose -c*t + 7*t = -4*i + 58, 0 = -i + 1. What are the prime factors of ((-2)/(4/t))/(-1)?
3
List the prime factors of ((-99)/(-6))/(12/16).
2, 11
Let k be (-23 - -2)*(2 - 1). Let w be 4/14 + 6/k. List the prime factors of (-2)/4*(-6 + w).
3
Let p(h) = 9*h**2 - h. Suppose k + 0 + 4 = 0, 5 = 5*f + 5*k. Let i(m) = -m**2 + 6*m - 6. Let n be i(f). List the prime factors of p(n).
2, 5
Let u(d) = -d**3 - 5*d**2 - 7*d + 5. What are the prime factors of u(-7)?
2, 19
Let k = -2 - -4. Suppose -5*r - 2*i - k*i + 69 = 0, 2*r - 4*i = 50. List the prime factors of r.
17
Suppose -3*d + 2*l - 80 = -2*l, 5*d + 4*l = -144. Let u(g) = g - 1. Let j be u(2). What are the prime factors of (-553)/d - j/(-4)?
2, 5
Let o(a) = -a**3 - a**2 - a + 1. Let k(w) = -2*w**3 - w**2 - w + 2. Let n(l) = -3*k(l) + 7*o(l). List the prime factors of n(-3).
2
What are the prime factors of (-285)/(-45) + (-1)/3?
2, 3
Let i(h) be the third derivative of -h**5/30 + h**4/6 + 2*h**3/3 - h**2. Let a(n) = -n**2 + n. Let o(y) = -3*a(y) + i(y). What are the prime factors of o(-3)?
2, 5
List the prime factors of 39/4*(3 - -1).
3, 13
Suppose 2*s - 4*x = -2 - 14, 0 = -3*s + 4*x - 16. Suppose -f + s = 2. List the prime factors of f/(-7) + 61/7.
3
Suppose -2*l + 1 = 5. Let d be 132/8*l/(-3). List the prime factors of (-2)/11 - (-123)/d.
11
Suppose 400 + 50 = 9*x. What are the prime factors of x?
2, 5
Suppose -3*n + 5*n = 8. Suppose 0 - 24 = -n*b. Suppose -o + 5*g = b, 0*g = -o - g + 12. What are the prime factors of o?
3
Suppose 5*o - 11 = -2*x, o + 17 = 4*o - 4*x. Let t be (-16)/(-40) + 78/5. Suppose t = o*u - u. What are the prime factors of u?
2
Let f(l) be the third derivative of 5/6*l**3 - 7/24*l**4 + 1/120*l**6 + 3*l**2 + 0 - 1/30*l**5 + 0*l. What are the prime factors of f(4)?
3
Let z = -6 - -10. Suppose l - 105 = -z*l. What are the prime factors of l?
3, 7
Suppose -a = 4*q - 152, -5*q = -3*a - 2*q + 486. What are the prime factors of a?
2, 5
Suppose 0 = 3*w - b - 1142, 0 = 2*w - 3*w - b + 382. Suppose 5*o = -3*r + 2*r + w, -r = -3*o + 227. Suppose 7*n - 3*n - o = 0. List the prime factors of n.
19
Let q = 19 + -2. Let b = 1 + q. What are the prime factors of b?
2, 3
Let h(x) = x + 6. Let z be h(-6). Suppose -5*a + a = 5*u + 9, 2*a - 2*u - 18 = z. Suppose 0*r - 18 = -3*r + 3*v, -25 = -3*r - a*v. List the prime factors of r.
7
Let y(v) = -v**2 + 6*v + 5. Let k be y(6). Suppose -34 + 154 = 3*s + 4*c, -s - k*c + 51 = 0. List the prime factors of s.
2, 3
Let p(c) = 2*c + 8. Let a be p(6). Suppose -3*w + w = -a. Let r = w - 3. What are the prime factors of r?
7
Let j(f) = 3*f - 8. Let x(s) = -2*s + 5. Let t(r) = -5*j(r) - 8*x(r). Suppose -3*d = -h + 4 + 13, -10 = 2*d. List the prime factors of t(h).
2
Let z(c) = 15*c**2 - 8*c + 4. Let u(t) = 7*t**2 - 4*t + 2. Let g(b) = 13*u(b) - 6*z(b). Let q be g(4). List the prime factors of q/((-3)/6 - -1).
2
Let m be (1 + 0)/((-5)/(-25)). Let g(i) = i**3 - 5*i**2 + 3*i + 6. What are the prime factors of g(m)?
3, 7
Let g = 31 - 19. Suppose 3*d - f - 61 = 0, 5*d = 5*f + g + 83. What are the prime factors of d?
3, 7
Let s(m) = 3*m**2 - 2 - m**2 + 1. Let x be s(-1). Let j(g) = 10*g. List the prime factors of j(x).
2, 5
Let g = -81 - -162. List the prime factors of g.
3
Let t be 17 + 1 - (0 - 0). Suppose 4*m - 4*v - t = 3*m, -5*m + 134 = 2*v. List the prime factors of m.
2, 13
Let n(l) = -3 - 3*l**2 + 9 + 3*l**3 - 2*l**3 - 7*l. List the prime factors of n(5).
3, 7
Let v = 39 + -7. List the prime factors of v.
2
Let k(j) = -j**3 - 3*j**2 - 3*j + 2. Let c be k(-3). Let l = 24 - c. List the prime factors of l.
13
Suppose 6*w = 5*w. Let c(x) = -2*x + 12. List the prime factors of c(w).
2, 3
Let m(y) = -y + 8. Suppose -2 = 2*z, 5*z + 35 = 3*p + 2*p. Let q be m(p). Suppose -q*w - j = -15, -3*w + 0*w = 5*j - 26. What are the prime factors of w?
7
Suppose -4*u + 55 = -4*b - u, -5*u - 47 = 4*b. Let l(r) = r**2 - 2*r - 5. Let q be l(-5). Let v = q + b. List the prime factors of v.
17
Let f(a) = -a + 6. Let x be -2 + (-1)/(-2)*4. Suppose -3*c + 4*c = x. List the prime factors of f(c).
2, 3
Let h(v) = v**2 + 7*v + 10. Let o be h(-6). Suppose -a + 31 = a + i, -3*a + o*i = -63. List the prime factors of a.
17
Let k = 8 + -1. Suppose -4*a + k - 45 = -c, 5*c - 2*a = 136. What are the prime factors of c?
2, 13
What are the prime factors of 68/(5*(-2)/(-5))?
2, 17
Let n(i) = -i**3 + 5*i**2 + 10*i - 9. Let r be n(6). Suppose g = 6*g - r. What are the prime factors of 3 + 3 + (-6)/g?
2
Let w(r) = r**3 - 5*r**2 - 5*r - 4. Let d be (27 - 0)/3 + -3. Let p be w(d). Suppose -52 = -2*g - p*g. What are the prime factors of g?
13
Let i(t) be the third derivative of t**4/24 + 7*t**3/6 - 2*t**2. Let u be i(-8). What are the prime factors of (15/6)/(u/(-2))?
5
Suppose -12 = -d - 3*d. Suppose -2*u - 4*h = -6, -d*u + 3*h - 2*h - 26 = 0. Let o = -5 - u. List the prime factors of o.
2
Let h(z) = z - 5 + z + 6 + 4. Let w be h(-4). What are the prime factors of w + 0 + 2 + 5?
2
Let q(l) = l + 12. Let r be q(0). Suppose 4*a - r = f, 0*f - 2*f - 6 = a. List the prime factors of (54/3)/2 - a.
7
Let v(q) = q**2 + 7*q + 6 + 1 - 2 - 2*q. Let j be v(-5). Suppose 0 = j*m - 5*p - 30, -2*m + 34 = 5*p - 13. List the prime factors of m.
11
Let z be (-2)/(2 + 10/(-4)). Let g = z + -2. Suppose g*n - 44 = -2*n. 